 u*b = -0*g - 12, 3*b = -6. List the prime factors of (-9)/(-2)*g/6.
2, 3
Suppose c + 7 = v, 2 = -2*v - 3*c + 1. What are the prime factors of (10/v)/(1/4)?
2, 5
Let n(w) be the second derivative of w**5/40 - w**4/12 - w**3/2 + 3*w. Let f(d) be the second derivative of n(d). What are the prime factors of f(6)?
2
Suppose 5*k + 30 = -5*a, -k + 5*a = -0*a. Let x be ((-9)/k)/((-6)/(-20)). What are the prime factors of 93/x - (-1)/2?
2
Let k be (-12)/(-2)*2/3. Suppose -18 = -2*u - k. Let s = -2 + u. List the prime factors of s.
5
Suppose 3575 = 9*i + 4*i. What are the prime factors of i?
5, 11
Suppose -3*h + 10 = -5. Suppose 10 = -h*x + 7*x. Let t = 12 - x. List the prime factors of t.
7
Let t be (-6 + 14)*(-2)/(-4). Suppose 7*v = t*v + 180. List the prime factors of v.
2, 3, 5
Let x = 150 + -140. Let l be ((-2)/(-4))/((-2)/(-12)). Suppose 0*m = 3*m - 2*a - 37, -m + l*a = -x. List the prime factors of m.
13
Let q be 5 - 0/(-3 + 2). Suppose 0 = 3*n + 6, -n - 91 = -q*x + 66. Suppose 2*m = 6*m + 3*b - x, 5*m - 5*b = 30. List the prime factors of m.
7
Let y = 2 + 3. Suppose 0 = -5*k + 4*f + 28, -y*f - 17 = -4*k - 0*k. List the prime factors of k.
2
Let p(y) = -2*y - 2. Let u be p(-2). What are the prime factors of u - -3*16/6?
2, 5
Suppose a - u = 53 + 89, 2*a + 3*u - 279 = 0. List the prime factors of a.
3, 47
Let u be 2*3/((-6)/(-5)). Suppose 3*v - 43 = l - u*l, 17 = l + 2*v. What are the prime factors of l?
7
Suppose -4*h - t + 80 = 0, -2*h - 3*t + 26 = -6*t. What are the prime factors of h?
19
Suppose 0 = -5*g - 0*g + 40. Suppose x - g = 27. Let p = x + -22. What are the prime factors of p?
13
Suppose 5*q + 27 = j + 157, -4*q - j = -95. Suppose 3*c + 17 = -q. Let k = c + 20. What are the prime factors of k?
2, 3
Let x = 0 - -3. Let w(p) = 9 + p - 6*p + p**2 - x*p. What are the prime factors of w(8)?
3
Suppose -21 = -4*f + 55. Let p = f + -10. Let t = -2 + p. What are the prime factors of t?
7
What are the prime factors of -1 + 4 + 325 + -1?
3, 109
Let r(v) = -v + 19. List the prime factors of r(-9).
2, 7
Let h be (-2)/6 + 1630/30. Suppose 3*z - h = -12. What are the prime factors of z?
2, 7
Let q = -2 + 42. What are the prime factors of q?
2, 5
Suppose -18*j + 9242 - 3392 = 0. List the prime factors of j.
5, 13
Let q be ((-54)/15)/(12/(-80)). Suppose 2*l + 4*x - q = 0, -2*x = -3*l - 0*x + 68. List the prime factors of l.
2, 5
Let z(w) = -3 + 9*w**2 + 6*w + w**3 + 0*w**3 + 5. Let n be (0 - 0/4) + (0 - 8). List the prime factors of z(n).
2, 3
Let s(f) = 62*f - 28. List the prime factors of s(3).
2, 79
What are the prime factors of (92/1)/(1/2)?
2, 23
Let p(d) = -d - 5. Let h be p(-8). List the prime factors of (-6)/(2/((-16)/h)).
2
Let y(r) = 2*r + r**2 + r - 3*r - 4. Let x be y(6). Suppose 0 = -n - 4*n - 4*k + 40, 0 = 4*n - k - x. What are the prime factors of n?
2
Let u be -2*-3*(-10)/(-6). Suppose 3*s + p - u = -4, 3*s - 12 = p. What are the prime factors of s?
3
Let v(r) = -2*r**2 - 19*r + 1. List the prime factors of v(-8).
5
Let g(j) = -2*j + 1. Let v be g(-2). Suppose 96 + 4 = v*z. Let c = 30 - z. List the prime factors of c.
2, 5
Suppose -2*b - l = -220, 7*b + 3*l - 551 = 2*b. What are the prime factors of b?
109
Let x(w) = w**3 - w + 30. What are the prime factors of x(0)?
2, 3, 5
Let b(y) = y**2 + 6*y - 13. List the prime factors of b(5).
2, 3, 7
Let g(f) = 5*f + 3. Suppose -s = -0*s - 3. List the prime factors of g(s).
2, 3
Let h = 3 + -3. Let f = 5 + h. Suppose -f*u + 28 + 22 = 0. What are the prime factors of u?
2, 5
Suppose 3*m + 2*y + 10 = 0, 4*m + 5*y = 2*y - 13. Let d = m + 6. List the prime factors of d.
2
Suppose 0 = -3*w + 2*o + 5 + 23, -16 = -4*o. What are the prime factors of w?
2, 3
Suppose 2*j - 6 = -2. Suppose -j*q = -38 - 54. What are the prime factors of q?
2, 23
Suppose -10 = 5*t + 4*x, -5*t - 10 = 4*x - x. Suppose 6 = -u + 4*w, -u = -0*u + 5*w - 30. What are the prime factors of ((-65)/u)/(t/4)?
13
Suppose -4*r - 8 = 4*o, -2*r + 2 - 15 = 5*o. Suppose -3 + r = -d. Suppose -d*b = -3*v - 10, -2*v = 4*b + b - 63. List the prime factors of b.
11
Let l(m) be the second derivative of -2*m**3 - 3*m**2/2 + 2*m. Let t be l(9). What are the prime factors of 6/(-21) + t/(-21)?
5
Suppose -549 = -5*p - 4*z, -5*z + 345 = 3*p + 13. List the prime factors of p.
109
Let q(o) = 6*o**2 + o. Let p be q(-1). Let m be (-1)/(1*1/2). Let k = m + p. What are the prime factors of k?
3
Let p = -51 - -229. Suppose 2*r = 5*i - p, 4*i + 4*r = 2*r + 128. What are the prime factors of i?
2, 17
Let n(d) = 2*d**3 + d**2. Let b be n(1). Let x(j) = -3*j - b - 2*j + 2*j. What are the prime factors of x(-2)?
3
Suppose 0 = -0*j - j + 1. Let s = j + 1. Suppose -7*i + s*i = -45. What are the prime factors of i?
3
Let r(y) = 7*y**2 + 2*y + 3. What are the prime factors of r(-2)?
3
What are the prime factors of (0 - 6/8)/((-2)/88)?
3, 11
Let f(v) = 4 + 5*v**2 + v**2 - 5*v**2 + v. Let m be f(-3). Suppose 0 = -3*q - 2*q + m. List the prime factors of q.
2
Let p(t) = -t**3 - t + 2. Suppose a - 3*y + 7 + 4 = 0, -2*y + 6 = 0. List the prime factors of p(a).
2, 3
Let r be 84/(-4)*(-1)/3. Let g = 17 - r. What are the prime factors of g?
2, 5
Let l(d) = -1 + d + d**2 + 0*d + 2*d**2. Let r be l(1). Suppose -5*b = -52 - r. List the prime factors of b.
11
Let z(y) = -28 - 9*y**3 + 11 + 16. Suppose -3*s - 2 + 11 = 3*j, 0 = -j + 4. List the prime factors of z(s).
2
Let m(y) = -y**3 - 5*y**2 + 5*y - 6. Let c be m(-6). Let h(g) = 0*g**3 - g**3 - g + g**2 + 2 + 0*g**3. What are the prime factors of h(c)?
2
Let o(h) = -5*h + 7 - h**3 - 2*h + 4*h - 8*h**2. What are the prime factors of o(-8)?
31
Let g = -10 - -134. List the prime factors of g.
2, 31
Suppose -2*i = 5*i - 1512. What are the prime factors of i?
2, 3
Let n = 98 + -7. List the prime factors of n.
7, 13
Let o(c) = c**3 + 8*c**2 + 7*c + 1. Let y be o(-7). Let a(k) = 4 + 0*k - 3*k - y + 2*k**2 - k**2. List the prime factors of a(5).
13
Let q(p) = 2*p - 3*p + 9*p**2 + 7*p**2. List the prime factors of q(1).
3, 5
Suppose 0 = n - 6*n. Suppose -2*x + 52 = -2*k, n*k = -x + 3*k + 26. Suppose -2*b = -5*z - 28, 4*b - 5*z = 40 + x. What are the prime factors of b?
19
Let x(o) be the third derivative of -o**6/120 - o**5/12 + o**4/4 + 2*o**3/3 + 3*o**2. Let v be (1*-6 - 1) + 1. What are the prime factors of x(v)?
2
Suppose 0 = -i + 2*s + 81, 2*i + 2*s - 126 = -3*s. What are the prime factors of i?
73
Suppose w - 8*w = -105. What are the prime factors of ((-72)/w + 4)*-60?
2, 3
Let v(a) = 5*a**2 + a - 4 - 2*a + 3. Let h be v(-1). Suppose -5*i + 5*s + 75 = 0, h*i + 33 = 8*i + s. List the prime factors of i.
2, 3
Suppose 0 = -5*k + 100 - 5. What are the prime factors of k?
19
Let o be 4/6 + (-2)/3. Let v = 12 - 5. Suppose o*x + v = x. What are the prime factors of x?
7
List the prime factors of 106/3 + 5/(-15).
5, 7
Let l = 2 - -14. What are the prime factors of l?
2
Let m(v) = 3*v - 2*v - v**2 - v**3 - 2*v. Let d(q) = -4*q**3 - 8*q**2 - 2. Let w(z) = d(z) - 5*m(z). List the prime factors of w(3).
13
Let u(g) = -g - 1. Let k be u(-5). Suppose 3*r - 76 = -4*o, 3*r - 27 - 17 = k*o. What are the prime factors of r?
2, 5
Let d(h) = h**3 + h**2 + 2*h. Let y be d(-2). Let u(s) = -4*s**2 - s**2 - 10*s - 5 + 4*s**2. What are the prime factors of u(y)?
11
Suppose -5*o + 25 = 0, -26 + 0 = -2*v - 4*o. Suppose 12 = v*j - 9. List the prime factors of j.
7
Let k(o) = o - 4. Let y be -7*(3 + 46/(-14)). Let h be k(y). List the prime factors of ((-2)/4)/(h/24).
2, 3
Let h be 4 + 0 + 0 + -2. Suppose 51 = h*o + 15. Suppose 0 = -3*i + o. What are the prime factors of i?
2, 3
Suppose 5*a + 35 = 2*d, -20 = -5*d + 3*d + 2*a. Suppose 3*f = d*f - 5*o - 52, 2*f - o = 44. List the prime factors of f.
3, 7
Let t = -209 + 395. List the prime factors of t.
2, 3, 31
Let s(p) = p**3 + 2*p**2 - p. Let v be s(1). Suppose 0 = x + v*x - 57. Suppose 2*l + x = 2*t - 5, -48 = -4*t - 2*l. List the prime factors of t.
2, 3
Suppose -3*y = b - 79, -4*b + 0*b + 120 = 5*y. Suppose -2*m = -1 + 5. What are the prime factors of 0 + (-2 - y/m)?
2, 3
Let r(s) = s**3 - 11*s**2 + 11*s - 13. Let d be r(10). Let c = d + 13. What are the prime factors of c?
2, 5
Let s(c) = -c**3 - 3*c**2 + 5*c + 6. Let f be s(-4). Let i = 32 + -23. List the prime factors of (f + 2)/(-2) + i.
7
Let k(g) 